{"version":"1.0","provider_name":"Volare Repositroy","provider_url":"https:\/\/repository.volare-project.eu\/fr\/","title":"Malik, la mort et les mots - Volare Repositroy","type":"rich","width":600,"height":338,"html":"<blockquote class=\"wp-embedded-content\" data-secret=\"MOPKUU5PdM\"><a href=\"https:\/\/repository.volare-project.eu\/fr\/item\/malik-la-mort-et-les-mots\/\">Malik, la mort et les mots<\/a><\/blockquote><iframe sandbox=\"allow-scripts\" security=\"restricted\" src=\"https:\/\/repository.volare-project.eu\/fr\/item\/malik-la-mort-et-les-mots\/embed\/#?secret=MOPKUU5PdM\" width=\"600\" height=\"338\" title=\"\u00ab\u00a0Malik, la mort et les mots\u00a0\u00bb &#8212; Volare Repositroy\" data-secret=\"MOPKUU5PdM\" frameborder=\"0\" marginwidth=\"0\" marginheight=\"0\" scrolling=\"no\" class=\"wp-embedded-content\"><\/iframe><script>\n\/*! This file is auto-generated *\/\n!function(d,l){\"use strict\";l.querySelector&&d.addEventListener&&\"undefined\"!=typeof URL&&(d.wp=d.wp||{},d.wp.receiveEmbedMessage||(d.wp.receiveEmbedMessage=function(e){var t=e.data;if((t||t.secret||t.message||t.value)&&!\/[^a-zA-Z0-9]\/.test(t.secret)){for(var s,r,n,a=l.querySelectorAll('iframe[data-secret=\"'+t.secret+'\"]'),o=l.querySelectorAll('blockquote[data-secret=\"'+t.secret+'\"]'),c=new RegExp(\"^https?:$\",\"i\"),i=0;i<o.length;i++)o[i].style.display=\"none\";for(i=0;i<a.length;i++)s=a[i],e.source===s.contentWindow&&(s.removeAttribute(\"style\"),\"height\"===t.message?(1e3<(r=parseInt(t.value,10))?r=1e3:~~r<200&&(r=200),s.height=r):\"link\"===t.message&&(r=new URL(s.getAttribute(\"src\")),n=new URL(t.value),c.test(n.protocol))&&n.host===r.host&&l.activeElement===s&&(d.top.location.href=t.value))}},d.addEventListener(\"message\",d.wp.receiveEmbedMessage,!1),l.addEventListener(\"DOMContentLoaded\",function(){for(var e,t,s=l.querySelectorAll(\"iframe.wp-embedded-content\"),r=0;r<s.length;r++)(t=(e=s[r]).getAttribute(\"data-secret\"))||(t=Math.random().toString(36).substring(2,12),e.src+=\"#?secret=\"+t,e.setAttribute(\"data-secret\",t)),e.contentWindow.postMessage({message:\"ready\",secret:t},\"*\")},!1)))}(window,document);\n\/\/# sourceURL=https:\/\/repository.volare-project.eu\/wp-includes\/js\/wp-embed.min.js\n<\/script>\n","thumbnail_url":"https:\/\/repository.volare-project.eu\/wp-content\/uploads\/2024\/05\/1.jpg","thumbnail_width":1136,"thumbnail_height":848,"description":"Mireille Perbal-Laffitte raconte dans cette monographie p\u00e9dagogique la fa\u00e7on dont un enfant, qui doit affronter le suicide de sa m\u00e8re, mais surtout le silence qui sid\u00e8re tout le monde autour de lui, va peu \u00e0 peu d\u00e9velopper de graves sympt\u00f4mes de r\u00e9gression face au refus d\u2019affronter ce deuil, puis, par les institutions d\u2019une classe coop\u00e9rative"}

Mireille Perbal-Laffitte raconte dans cette monographie pédagogique la façon dont un enfant, qui doit affronter le suicide de sa mère, mais surtout le silence qui sidère tout le monde autour de lui, va peu à peu développer de graves symptômes de régression face au refus d’affronter ce deuil, puis, par les institutions d’une classe coopérative
